s 1278232 a multiple of 154?
False
Is 24992 a multiple of 16?
True
Is 6707 a multiple of 19?
True
Is 14 a factor of 4236695?
False
Does 19 divide 45480?
False
Does 201 divide 67134?
True
Is 6 a factor of 36105?
False
Does 41 divide 13474855?
True
Does 389 divide 2446201?
False
Is 251387 a multiple of 513?
False
Is 9 a factor of 11299?
False
Does 10 divide 186076?
False
Does 50 divide 503750?
True
Is 539242 a multiple of 7?
False
Is 169 a factor of 2056223?
True
Is 2396058 a multiple of 21?
True
Is 2443230 a multiple of 1060?
False
Does 23 divide 5771640?
False
Is 169015 a multiple of 55?
True
Is 4548400 a multiple of 28?
False
Is 248009 a multiple of 6?
False
Is 213816 a multiple of 239?
False
Is 3131392 a multiple of 139?
True
Does 1213 divide 16108124?
False
Does 876 divide 24892416?
True
Is 328 a factor of 1951519?
False
Does 25 divide 1082756?
False
Does 18 divide 6228?
True
Is 653596 a multiple of 61?
False
Does 19 divide 3142163?
True
Is 28 a factor of 86515?
False
Is 3 a factor of 57991?
False
Is 9317491 a multiple of 1914?
False
Does 455 divide 850850?
True
Is 31 a factor of 77872?
True
Is 96 a factor of 214944?
True
Is 430553 a multiple of 379?
False
Is 178 a factor of 77786?
True
Is 64 a factor of 103296?
True
Is 109858 a multiple of 49?
True
Does 13 divide 1977793?
False
Does 12 divide 24096?
True
Is 22407 even?
False
Does 35 divide 18410?
True
Is 45 a factor of 2847786?
False
Is 193442 a multiple of 30?
False
Is 13 a factor of 9659094?
False
Is 7 a factor of 6121128?
False
Is 123 a factor of 227427?
True
Is 295 a factor of 3111070?
True
Is 229 a factor of 287853?
True
Is 483949 a multiple of 43?
False
Does 167 divide 171947?
False
Is 151 a factor of 125435?
False
Is 35 a factor of 2130730?
True
Is 91931 a multiple of 161?
True
Is 1798065 a multiple of 15?
True
Does 4 divide 291587?
False
Is 11 a factor of 39727?
False
Is 222825 a multiple of 25?
True
Does 245 divide 4743977?
False
Does 12 divide 8169156?
True
Is 12 a factor of 3010683?
False
Does 1587 divide 562483?
False
Is 2354147 a multiple of 150?
False
Is 171 a factor of 6600429?
True
Is 2560428 a multiple of 117?
True
Is 118482 a multiple of 31?
True
Is 1493725 a multiple of 5?
True
Is 589 a multiple of 3?
False
Is 107 a factor of 668372?
False
Is 465 a factor of 963015?
True
Is 40 a factor of 203302?
False
Is 6234690 a multiple of 165?
True
Is 1353960 a multiple of 20?
True
Does 26 divide 132600?
True
Is 24504 a multiple of 5?
False
Does 96 divide 265017?
False
Is 149884 a multiple of 32?
False
Does 11 divide 268262?
False
Is 265 a factor of 35245?
True
Is 27 a factor of 2795690?
False
Does 334 divide 121910?
True
Is 687 a factor of 9882081?
False
Is 7 a factor of 237496?
True
Does 6 divide 42915?
False
Does 501 divide 25138488?
False
Does 26 divide 4302147?
False
Does 60 divide 8116800?
True
Does 36 divide 15516?
True
Is 133311 a multiple of 12?
False
Is 37722 a multiple of 29?
False
Is 64192 a multiple of 136?
True
Is 166 a factor of 3144206?
True
Is 122 a factor of 146334?
False
Is 2 a factor of 91762?
True
Is 6 a factor of 221444?
False
Is 10588266 a multiple of 22?
False
Is 4179819 a multiple of 21?
True
Is 75 a factor of 537900?
True
Is 31 a factor of 16220502?
True
Does 9 divide 4019?
False
Is 4 a factor of 76216?
True
Does 33 divide 51447?
True
Is 861084 a multiple of 126?
True
Does 385 divide 52911?
False
Is 494887 a multiple of 731?
True
Does 3 divide 39382?
False
Is 44 a factor of 87905?
False
Is 14 a factor of 1410309?
False
Is 6 a factor of 69511?
False
Does 28 divide 148022?
False
Is 694971 a multiple of 10?
False
Is 34445 a multiple of 5?
True
Does 795 divide 868920?
False
Does 26 divide 10384?
False
Does 22 divide 111980?
True
Does 19 divide 4339809?
True
Does 44 divide 107262?
False
Is 36 a factor of 7276824?
True
Does 574 divide 10437343?
False
Does 77 divide 664433?
True
Does 19 divide 57855?
True
Does 45 divide 144802?
False
Is 460 a factor of 1318704?
False
Is 5139090 a multiple of 9?
True
Does 978 divide 6860330?
False
Does 14 divide 500150?
True
Is 314 a factor of 9061727?
False
Does 309 divide 10506?
True
Is 13803 even?
False
Is 33 a factor of 368610?
True
Does 231 divide 206346?
False
Is 27054 a multiple of 17?
False
Is 135 a factor of 177327?
False
Is 3846 a multiple of 18?
False
Is 5 a factor of 636582?
False
Does 404 divide 32320?
True
Is 680 a factor of 2394280?
True
Is 1178752 a multiple of 36?
False
Is 36464 a multiple of 8?
True
Does 164 divide 517404?
False
Does 3 divide 2315997?
True
Is 21 a factor of 2093847?
True
Is 31 a factor of 891894?
False
Does 161 divide 8306634?
True
Is 5 a factor of 5266970?
True
Is 47 a factor of 1796904?
True
Does 23 divide 1201461?
False
Is 1055601 a multiple of 384?
False
Does 590 divide 1233690?
True
Is 132 a factor of 665808?
True
Is 12 a factor of 539556?
True
Is 1537762 a multiple of 33?
False
Is 120 a factor of 2070000?
True
Does 50 divide 4496411?
False
Is 47 a factor of 44039?
True
Is 13240206 a multiple of 42?
True
Is 8 a factor of 3200660?
False
Is 16 a factor of 797161?
False
Is 171 a factor of 4911120?
True
Is 480 a factor of 2667734?
False
Does 24 divide 371184?
True
Is 11167169 a multiple of 13?
True
Is 26724 a multiple of 524?
True
Is 298 a factor of 4231205?
False
Is 21 a factor of 136957?
False
Is 88 a factor of 249920?
True
Is 17 a factor of 66742?
True
Is 48 a factor of 229968?
True
Is 5947287 a multiple of 12?
False
Does 13 divide 2968849?
True
Does 77 divide 5711937?
True
Does 28 divide 6328?
True
Does 24 divide 143012?
False
Is 44 a factor of 80960?
True
Is 25951799 a multiple of 80?
False
Is 744 a factor of 286047?
False
Is 7 a factor of 2607?
False
Is 11 a factor of 1426576?
False
Does 56 divide 35549?
False
Is 358 a factor of 4138838?
True
Is 111 a factor of 13076556?
False
Is 226980 a multiple of 39?
True
Does 3 divide 1553419?
False
Is 114059 a multiple of 72?
False
Does 4 divide 151555?
False
Is 3794031 a multiple of 7?
False
Does 56 divide 335888?
True
Does 60 divide 23568471?
False
Is 41 a factor of 272855?
True
Is 28212 a multiple of 79?
False
Is 21463 a multiple of 2?
False
Does 26 divide 65168?
False
Is 1268 a factor of 4289644?
True
Is 5 a factor of 7774?
False
Is 9 a factor of 235629?
True
Does 23 divide 1617750?
False
Does 89 divide 237023?
False
Is 6 a factor of 172643?
False
Does 18 divide 29124?
True
Is 5 a factor of 96095?
True
Does 620 divide 298109?
False
Does 2 divide 1953354?
True
Does 510 divide 294780?
True
Is 11 a factor of 13473?
False
Is 431 a factor of 646366?
False
Is 120 a factor of 159840?
True
Is 16 a factor of 306259?
False
Is 522 a factor of 2153250?
True
Is 90316 a multiple of 16?
False
Is 16 a factor of 149728?
True
Is 6 a factor of 64584?
True
Does 15 divide 218188?
False
Does 584 divide 5443464?
True
Is 545 a factor of 510300?
False
Is 17 a factor of 501704?
True
Is 995 a factor of 6218797?
False
Does 72 divide 4038725?
False
Is 63 a factor of 196685?
False
Is 3 a factor of 26164?
False
Is 565 a factor of 811905?
True
Is 7 a factor of 218147?
False
Is 28519 a multiple of 19?
True
Is 768287 a multiple of 112?
False
Is 23 a factor of 136114?
True
Is 3132 a multiple of 116?
True
Is 366 a factor of 87289?
False
Is 14 a factor of 467474?
True
Is 3175540 a multiple of 346?
False
Is 141645 a multiple of 71?
True
Is 82038 a multiple of 109?
False
Is 1940220 a multiple of 9?
True
Does 12 divide 8621880?
True
Does 5 divide 452295?
True
Does 20 divide 824880?
True
Does 1046 divide 350393?
False
Does 178 divide 150944?
True
Is 126840 a multiple of 24?
True
Does 86 divide 3428562?
True
Does 501 divide 1428782?
False
Is 388314 a multiple of 102?
True
Is 18832392 a multiple of 112?
False
Is 3 a factor of 112665?
True
Is 18 a factor of 298909?
False
Is 467 a factor of 868153?
True
Is 8 a factor of 375226?
False
Does 7 divide 1812538?
True
Is 7191478 a multiple of 222?
False
Does 9 divide 147465?
True
Is 119574 a multiple of 18?
True
Is 458472 a multiple of 20?
False
Is 19 a factor of 5966?
True
Is 14458176 a multiple of 192?
True
Is 29 a factor of 1334087?
True
Does 225 divide 218475?
True
Is 2133900 a multiple of 25?
True
Is 13 a factor of 233701?
True
Does 25 divide 12365867?
False
Is 21 a factor of 5147633?
False
Is 4762638 a multiple of 1903?
False
Does 5 divi